he remainder when 145 is divided by n?
34
Let m(h) = -h - 4. Let n be m(-3). Let w be (-2 - -1) + (-3)/n. Suppose -w*d - 2 = -18. What is the remainder when d is divided by 3?
2
Suppose 23 + 28 = 3*y. Calculate the remainder when 33 is divided by y.
16
Let g(j) = 9*j + 2. What is the remainder when g(9) is divided by (-1)/(1 + -2) - -20?
20
What is the remainder when 43 is divided by 23 + 1 - (0 - -2)?
21
Suppose 2*n + 8*x = 3*x + 21, -3*n + 2*x = -60. Let v = -9 - -9. Suppose -3*m - 2*m + 35 = v. What is the remainder when n is divided by m?
4
Suppose 5*n + h - 10 = 6, 2*n - 2*h = 4. Calculate the remainder when (8/4 - 2) + (6 - -1) is divided by n.
1
Suppose 55 = 5*h - 5*q, 4*h + 5*q - 5 - 12 = 0. Let k(l) = -l**2 + 13*l - 2. What is the remainder when k(h) is divided by 13?
12
Let i(y) = y**3 - y**2 - y + 8. Let m = 6 - 6. Let w = 21 - 0. What is the remainder when w is divided by i(m)?
5
Suppose 2*y = 15 - 3. Calculate the remainder when 9 is divided by y.
3
Let r be 66/(-8) + 12/(-16). Calculate the remainder when r/(-6) - 90/(-4) is divided by 14.
10
Suppose -151 + 106 = -3*i. What is the remainder when 20 is divided by i?
5
Let y = -5 - -34. What is the remainder when y is divided by 16/(1 + -5 + 6)?
5
What is the remainder when 111 is divided by 150/4 - (-7)/14?
35
Let c be (-8)/4 - 12/3. Let o = 12 - c. What is the remainder when o is divided by 5?
3
Let q be 68/(-3) + (-7)/21. Let h = q + 34. Calculate the remainder when 31 is divided by h.
9
Let o be 6/8*(152 + 4). Suppose 5*y = 2*y + o. Suppose -y = -5*k + 41. Calculate the remainder when k is divided by 6.
4
Let x = 20 + -14. Suppose 0 = q - 2*k - 7, 2*q + 6*k = k + 32. Calculate the remainder when q is divided by x.
5
Let k be (-3 + 0 + 1)*-2. Let p(r) = -r**3 + 6*r**2 - r - 4. Calculate the remainder when 46 is divided by p(k).
22
Let q(y) = -3*y - 13. Let i be q(-10). Suppose -i = -2*w - 5. Suppose -2*m - 4*d = -16, -14 - 46 = -5*m - 5*d. What is the remainder when m is divided by w?
4
Suppose 0*l - 52 = -4*l. Calculate the remainder when 36 is divided by l.
10
Suppose 0*d + 8 = 2*d. Let h = -39 - -28. Let l = h + 20. What is the remainder when l is divided by d?
1
Let i(r) = 4*r**3 + 1. Let p be i(-1). What is the remainder when p*2/(-6) - -39 is divided by 14?
12
Suppose 393 = -2*q + 5*q. Suppose 0 = -7*i + 6*i + q. Calculate the remainder when i is divided by 33.
32
Suppose -6*z + 4 = 4*c - z, c + 2*z + 2 = 0. Suppose -c = 2*f - f - 4*p, 0 = f + p + 6. Calculate the remainder when 17 is divided by (f/(-5))/(4/20).
5
Let l = 67 + -6. Let g = -36 + l. Calculate the remainder when g is divided by ((-1)/2)/(2/(-52)).
12
Suppose -2*f + 11 = -39. Let o be (-46)/5 + (-2)/(-10). Let x = 18 + o. What is the remainder when f is divided by x?
7
Let q(k) = k + 3. Let z be q(5). Let j(w) be the second derivative of w**4/12 - 4*w**3/3 + 11*w**2/2 - w. Calculate the remainder when 21 is divided by j(z).
10
Let p(m) = -2*m**2 - 26*m - 11. What is the remainder when p(-11) is divided by 9?
6
Suppose -2*w + 2 + 6 = 0, -d - 5 = -4*w. Calculate the remainder when d is divided by -3*(-1 + 0 + 0).
2
Let x = 3 - -133. Suppose 3*o = -o + x. What is the remainder when o is divided by 9?
7
Let v = -4 - 2. Let b = -2 - v. Calculate the remainder when 10 is divided by b.
2
Let h = 37 - 18. Let o(n) = -2*n**3 + 3*n**2 + n - 3. Let l(r) = -r**3 + 4*r**2 - 3. Let i be l(4). What is the remainder when o(i) is divided by h?
18
Let y = -15 + 34. Let d(o) = 7*o - 2. What is the remainder when d(8) is divided by y?
16
Let j(d) = -2*d - 4. Suppose 8*t - 4 = 6*t. Calculate the remainder when t is divided by j(-3).
0
Let r = 43 - 25. What is the remainder when r is divided by 7?
4
Let a be (-1 + 0)/((-6)/276). Suppose -6*o = -4*o - a. What is the remainder when o is divided by 13?
10
Let w(k) = 5*k**2 + 15*k - 8. What is the remainder when w(-6) is divided by 17?
14
Let w = -4 - -14. What is the remainder when 29 is divided by w?
9
Suppose -a + 45 = 4*g, 4*g + 0*g - 145 = -5*a. Suppose -20 = -5*p, -4*p - 8 - 3 = -3*v. What is the remainder when a is divided by v?
7
Calculate the remainder when 73 is divided by ((-2)/4)/((-4)/104).
8
Let r = -12 - -12. Suppose r = -o - 0*o + 25. Calculate the remainder when o is divided by 7.
4
Let d = -4 - -6. Suppose d*a = 11 + 25. Let p(o) = o**2 + 5*o + 2. Calculate the remainder when p(-10) is divided by a.
16
Let o = -6348 + 2856. Calculate the remainder when o/(-52) + 2/(-13) is divided by 14.
11
Suppose -5*d + 2*d + 66 = 0. Let j(o) = 1 + o - 5*o**2 + 1 - o**3 - 3*o. What is the remainder when d is divided by j(-5)?
10
Calculate the remainder when (-6)/(1 - 4) + 54 is divided by 6.
2
Suppose 3*v - 15 = -0. Suppose 4 + v = -3*c, -2*y = 4*c + 6. Suppose 2*l - 17 - 14 = y*h, 3*l = h + 57. What is the remainder when l is divided by 7?
6
Let w(o) = -o**3 + 7*o**2 - 7*o - 1. Suppose -2*c = c - 2*r - 15, r = 5*c - 25. Suppose -5*q + 108 = -q. What is the remainder when q is divided by w(c)?
13
Suppose 0 = 5*t + 4*c - 52, -4*t = -5*c - 0*c - 58. What is the remainder when 21 is divided by t?
9
Let g(y) = y**3 + 7*y**2 + 4*y - 8. Let p be g(-6). Suppose p*l + 65 = 5*f - 12, 2*f - 11 = -5*l. What is the remainder when 38 is divided by f?
12
Let x = -5 - 0. Let i = -10 - x. Let z(j) = -j + 4. Calculate the remainder when 17 is divided by z(i).
8
Suppose -14 + 182 = 12*o. Let l(x) = x**3 - 2*x**2 + 2*x + 1. What is the remainder when o is divided by l(2)?
4
Let m be 1 - (-2)/((-2)/1). Suppose -3*k + 136 = -k. Suppose t - 3*t + k = m. What is the remainder when t is divided by 12?
10
Let k = 16 - 14. Suppose -5*u + 22 = -z, k*u - 3*z + 2 = 4*u. What is the remainder when 10 is divided by u?
2
What is the remainder when 30 + 2/4*4 is divided by 11?
10
Suppose 2*j - 80 = 3*v, j - 2*j - 5*v = -53. Calculate the remainder when j is divided by (-3*2)/((-4)/10).
13
Let m be -12 + 3*2/3. Let i(h) = h**3 + 10*h**2 + 12. What is the remainder when 22 is divided by i(m)?
10
Let z(q) = -q**2 - 13*q - 13. What is the remainder when 15 is divided by z(-11)?
6
Let z be ((-9)/5)/(24/(-80)). Let d be 27/z - (-1)/2. Suppose d*a + 5*i - 4*i - 25 = 0, 0 = -3*a - i + 17. What is the remainder when 7 is divided by a?
3
Let h = 17 + -8. Let d(n) = 2*n - 11. Calculate the remainder when (-25)/(-3)*(-1 + 4) is divided by d(h).
4
Let i(f) = f + 6. Let h be i(-6). Let l(w) = -w**3 + w + 9. Calculate the remainder when 25 is divided by l(h).
7
Let a(y) = -1 + 2*y**2 + 5*y**2 - 4*y**2 + 7*y. Calculate the remainder when a(-5) is divided by 10.
9
Let s = 102 - 38. Suppose -s = -3*q + q. What is the remainder when q is divided by 9?
5
Suppose -h + 3*d = 6 - 17, 81 = 5*h - 2*d. Let w = -11 + h. Calculate the remainder when w - 3 - 14*-1 is divided by 6.
5
What is the remainder when 57 is divided by (-13 + -2)*12/(-18)?
7
Suppose 12 = -2*d + 5*d. Suppose 2*j = -2*b + 12 + 24, -d*j + 16 = 0. What is the remainder when b is divided by 8?
6
Suppose 2*k - 128 = 2*s - 0*s, 238 = 4*k + 5*s. What is the remainder when k is divided by 22?
18
Suppose x + 4 = -7. Let f = -7 - x. Calculate the remainder when 10 is divided by f.
2
Suppose 4*s - 13 + 1 = 0. Suppose 5*z + 290 = 5*r, -s*r + z = 28 - 192. Calculate the remainder when r is divided by 18.
17
Suppose h + 20 = 3*h. What is the remainder when (0 + -1 - 1) + 31 is divided by h?
9
Suppose 185 = -8*f + 13*f. What is the remainder when f is divided by 10?
7
Let b(l) = -l**3 - 10*l**2 - 23*l - 10. Calculate the remainder when 28/(-6)*3/(-2) is divided by b(-7).
3
Let z = 49 - 26. Suppose -4*i + z = -1. Let w(x) = 2*x**3 + x**2 + x - 1. Calculate the remainder when w(2) is divided by i.
3
Suppose -3*q = 2*g - 18, 2*g - 3*q + 0 = -6. What is the remainder when ((-2)/3)/(1/(-6)) is divided by g?
1
Suppose -4*a + 36 + 104 = 0. Calculate the remainder when a is divided by 10.
5
Calculate the remainder when 81/4 + (-2)/8 is divided by (-6)/(-4)*56/12.
6
Suppose -5*n + 3 = -7. Let m = 38 + -26. Suppose -10 = -4*q - o, 5*q + n*o - m = -1. Calculate the remainder when q is divided by 2.
1
Suppose 4*f - 4*w = 12, f + 3*f - 3*w - 13 = 0. Suppose -20 = -a - 3*s - s, 0 = f*s - 4. Calculate the remainder when a is divided by 9.
7
Let g = 19 - 4. Suppose -4*k + 25 = -g. What is the rem